{"id":2350,"date":"2019-03-26T09:54:20","date_gmt":"2019-03-26T08:54:20","guid":{"rendered":"http:\/\/www.mg-modelleisenbahnbau.de\/?post_type=product&#038;p=2350"},"modified":"2025-06-30T18:27:18","modified_gmt":"2025-06-30T16:27:18","slug":"43125-h0-gottlieb-daimler-gedenkstaette","status":"publish","type":"product","link":"https:\/\/www.mg-modelleisenbahnbau.de\/startseite-2\/produkt\/43125-h0-gottlieb-daimler-gedenkstaette\/","title":{"rendered":"43125 H0 Gottlieb-Daimler-Gedenkst\u00e4tte"},"content":{"rendered":"<div class=\"content--description\">\n<div class=\"content--title\">Produktinformationen &#8222;H0 Gottlieb-Daimler-Gedenkst\u00e4tte&#8220;<\/div>\n<div class=\"product--description\">Der weltber\u00fchmte deutsche Ingenieur, Konstrukteur und Industrielle Gottlieb Daimler wurde 1834 in Schorndorf bei Stuttgart geboren. 1882 zog Daimler mit seiner Familie in eine Villa in Cannstatt und baute das Gartenh\u00e4uschen zur Werkstatt f\u00fcr seine Konstruktionen und Versuche um. Dort t\u00fcftelte er gemeinsam mit Wilhelm Maybach an der Idee der individuellen Mobilit\u00e4t. Unter absoluter Geheimhaltung arbeiteten die beiden hier Tag und Nacht und weder Familie noch Angestellte wussten, was in dem H\u00e4uschen im Garten vor sich ging. 1886 baute Daimler seinen Motor in eine Kutsche ein, womit er als Erfinder des vierr\u00e4drigen Kraftwagens gilt. Nach erfolgreicher Motor-Erfindung wurde das Gartenhaus f\u00fcr Daimler und Maybach schnell zu klein und Daimler zog mit seiner Werkstatt im Jahr 1887 in ein gr\u00f6\u00dferes Fabrikgeb\u00e4ude um. Das Gartenh\u00e4uschen ist heute eine liebevoll original- und detailgetreu eingerichtete Ged\u00e4chtnisst\u00e4tte. Hier wurden die ersten Schritte zur Erfindung des Benzinmotors gemacht und die Daimlersche Vision, f\u00fcr Fahrzeuge zu Wasser, zu Lande und in der Luft einen transportablen Universalmotor zu konstruieren, ist in den R\u00e4umlichkeiten auch heute noch sp\u00fcrbar. Ma\u00dfe: L 16 x B 14,8 x H 7,2 cm.<\/div>\n<\/div>\n","protected":false},"excerpt":{"rendered":"<p>Produktinformationen &#8222;H0 Gottlieb-Daimler-Gedenkst\u00e4tte&#8220; Der weltber\u00fchmte deutsche Ingenieur, Konstrukteur und Industrielle Gottlieb Daimler wurde 1834 in Schorndorf bei Stuttgart geboren. 1882 zog Daimler mit seiner Familie in eine Villa in Cannstatt und baute das Gartenh\u00e4uschen zur Werkstatt f\u00fcr seine Konstruktionen und Versuche um. Dort t\u00fcftelte er gemeinsam mit Wilhelm Maybach an der Idee der individuellen Mobilit\u00e4t&#8230;.<\/p>\n","protected":false},"featured_media":2351,"comment_status":"open","ping_status":"closed","template":"","meta":[],"product_brand":[],"product_cat":[173,38,41,160],"product_tag":[292,291],"class_list":{"0":"post-2350","1":"product","2":"type-product","3":"status-publish","4":"has-post-thumbnail","6":"product_cat-garagen-polizei-ho","7":"product_cat-unkategorisiert","8":"product_cat-vollmer","9":"product_cat-vollmer-ho","10":"product_tag-kein-spielzeug-nicht-geeignet-fuer-kinder-unter-14-jahren","11":"product_tag-warn-und-sicherheitshinweise-modellbauartikel","13":"first","14":"instock","15":"taxable","16":"shipping-taxable","17":"purchasable","18":"product-type-simple"},"jetpack_sharing_enabled":true,"_links":{"self":[{"href":"https:\/\/www.mg-modelleisenbahnbau.de\/startseite-2\/wp-json\/wp\/v2\/product\/2350","targetHints":{"allow":["GET"]}}],"collection":[{"href":"https:\/\/www.mg-modelleisenbahnbau.de\/startseite-2\/wp-json\/wp\/v2\/product"}],"about":[{"href":"https:\/\/www.mg-modelleisenbahnbau.de\/startseite-2\/wp-json\/wp\/v2\/types\/product"}],"replies":[{"embeddable":true,"href":"https:\/\/www.mg-modelleisenbahnbau.de\/startseite-2\/wp-json\/wp\/v2\/comments?post=2350"}],"wp:featuredmedia":[{"embeddable":true,"href":"https:\/\/www.mg-modelleisenbahnbau.de\/startseite-2\/wp-json\/wp\/v2\/media\/2351"}],"wp:attachment":[{"href":"https:\/\/www.mg-modelleisenbahnbau.de\/startseite-2\/wp-json\/wp\/v2\/media?parent=2350"}],"wp:term":[{"taxonomy":"product_brand","embeddable":true,"href":"https:\/\/www.mg-modelleisenbahnbau.de\/startseite-2\/wp-json\/wp\/v2\/product_brand?post=2350"},{"taxonomy":"product_cat","embeddable":true,"href":"https:\/\/www.mg-modelleisenbahnbau.de\/startseite-2\/wp-json\/wp\/v2\/product_cat?post=2350"},{"taxonomy":"product_tag","embeddable":true,"href":"https:\/\/www.mg-modelleisenbahnbau.de\/startseite-2\/wp-json\/wp\/v2\/product_tag?post=2350"}],"curies":[{"name":"wp","href":"https:\/\/api.w.org\/{rel}","templated":true}]}}