{"id":2329,"date":"2019-03-25T10:43:53","date_gmt":"2019-03-25T09:43:53","guid":{"rendered":"http:\/\/www.mg-modelleisenbahnbau.de\/?post_type=product&#038;p=2329"},"modified":"2025-06-30T21:22:20","modified_gmt":"2025-06-30T19:22:20","slug":"43767-h0-feuerwehrstuetzpunkt-fuenfstaendig","status":"publish","type":"product","link":"https:\/\/www.mg-modelleisenbahnbau.de\/startseite-2\/produkt\/43767-h0-feuerwehrstuetzpunkt-fuenfstaendig\/","title":{"rendered":"43767 H0 Feuerwehrst\u00fctzpunkt, f\u00fcnfst\u00e4ndig"},"content":{"rendered":"<div class=\"content--description\">\n<div class=\"content--title\">Produktinformationen &#8222;H0 Feuerwehrst\u00fctzpunkt, f\u00fcnfst\u00e4ndig&#8220;<\/div>\n<div class=\"product--description\">Ein solcher St\u00fctzpunkt ist auch heute noch in vielen Kleinst\u00e4dten zu finden. Hinter den roten Doppeltoren finden bis zu 5 Einsatzfahrzeuge Platz. Der gemauerte Schlauchturm dient zum Trocken der Schl\u00e4uche nach dem Einsatz. Ma\u00dfe: L 29 x B 12 x H 22 cm.<\/div>\n<\/div>\n<div><\/div>\n<div><span class=\"delivery--text delivery--text-not-available\" style=\"color: #ff0000;\"><strong> Lieferzeit auf Anfrage<\/strong> <\/span><\/div>\n","protected":false},"excerpt":{"rendered":"<p>Produktinformationen &#8222;H0 Feuerwehrst\u00fctzpunkt, f\u00fcnfst\u00e4ndig&#8220; Ein solcher St\u00fctzpunkt ist auch heute noch in vielen Kleinst\u00e4dten zu finden. Hinter den roten Doppeltoren finden bis zu 5 Einsatzfahrzeuge Platz. Der gemauerte Schlauchturm dient zum Trocken der Schl\u00e4uche nach dem Einsatz. Ma\u00dfe: L 29 x B 12 x H 22 cm. Lieferzeit auf Anfrage<\/p>\n","protected":false},"featured_media":2366,"comment_status":"open","ping_status":"closed","template":"","meta":[],"product_brand":[],"product_cat":[172,38,41,160],"product_tag":[292,291],"class_list":{"0":"post-2329","1":"product","2":"type-product","3":"status-publish","4":"has-post-thumbnail","6":"product_cat-feuerwehren-ho","7":"product_cat-unkategorisiert","8":"product_cat-vollmer","9":"product_cat-vollmer-ho","10":"product_tag-kein-spielzeug-nicht-geeignet-fuer-kinder-unter-14-jahren","11":"product_tag-warn-und-sicherheitshinweise-modellbauartikel","13":"first","14":"instock","15":"taxable","16":"shipping-taxable","17":"purchasable","18":"product-type-simple"},"jetpack_sharing_enabled":true,"_links":{"self":[{"href":"https:\/\/www.mg-modelleisenbahnbau.de\/startseite-2\/wp-json\/wp\/v2\/product\/2329","targetHints":{"allow":["GET"]}}],"collection":[{"href":"https:\/\/www.mg-modelleisenbahnbau.de\/startseite-2\/wp-json\/wp\/v2\/product"}],"about":[{"href":"https:\/\/www.mg-modelleisenbahnbau.de\/startseite-2\/wp-json\/wp\/v2\/types\/product"}],"replies":[{"embeddable":true,"href":"https:\/\/www.mg-modelleisenbahnbau.de\/startseite-2\/wp-json\/wp\/v2\/comments?post=2329"}],"wp:featuredmedia":[{"embeddable":true,"href":"https:\/\/www.mg-modelleisenbahnbau.de\/startseite-2\/wp-json\/wp\/v2\/media\/2366"}],"wp:attachment":[{"href":"https:\/\/www.mg-modelleisenbahnbau.de\/startseite-2\/wp-json\/wp\/v2\/media?parent=2329"}],"wp:term":[{"taxonomy":"product_brand","embeddable":true,"href":"https:\/\/www.mg-modelleisenbahnbau.de\/startseite-2\/wp-json\/wp\/v2\/product_brand?post=2329"},{"taxonomy":"product_cat","embeddable":true,"href":"https:\/\/www.mg-modelleisenbahnbau.de\/startseite-2\/wp-json\/wp\/v2\/product_cat?post=2329"},{"taxonomy":"product_tag","embeddable":true,"href":"https:\/\/www.mg-modelleisenbahnbau.de\/startseite-2\/wp-json\/wp\/v2\/product_tag?post=2329"}],"curies":[{"name":"wp","href":"https:\/\/api.w.org\/{rel}","templated":true}]}}