{"id":2126,"date":"2019-03-23T21:06:48","date_gmt":"2019-03-23T20:06:48","guid":{"rendered":"http:\/\/www.mg-modelleisenbahnbau.de\/?post_type=product&#038;p=2126"},"modified":"2025-06-30T19:15:10","modified_gmt":"2025-06-30T17:15:10","slug":"43528-h0-bahnwaerterhaus","status":"publish","type":"product","link":"https:\/\/www.mg-modelleisenbahnbau.de\/startseite-2\/produkt\/43528-h0-bahnwaerterhaus\/","title":{"rendered":"43528 H0 Bahnw\u00e4rterhaus"},"content":{"rendered":"<div class=\"content--description\">\n<div class=\"content--title\">Produktinformationen &#8222;H0 Bahnw\u00e4rterhaus&#8220;<\/div>\n<div class=\"product--description\">Klein aber fein! Das Schrankenw\u00e4rterhaus passt an jeden Bahn\u00fcbergang bis zur Epoche III und IV. Erst mit der Welle umfassender Elektrifizierung der Bahn wurden die Schrankenw\u00e4rter nicht mehr ben\u00f6tigt. Trotzdem sieht man auch heute noch viele dieser lieblichen H\u00e4uschen. Ma\u00dfe: L 9,1 x B 8,2 x H 7,2 cm.<\/div>\n<\/div>\n","protected":false},"excerpt":{"rendered":"<p>Produktinformationen &#8222;H0 Bahnw\u00e4rterhaus&#8220; Klein aber fein! Das Schrankenw\u00e4rterhaus passt an jeden Bahn\u00fcbergang bis zur Epoche III und IV. Erst mit der Welle umfassender Elektrifizierung der Bahn wurden die Schrankenw\u00e4rter nicht mehr ben\u00f6tigt. Trotzdem sieht man auch heute noch viele dieser lieblichen H\u00e4uschen. Ma\u00dfe: L 9,1 x B 8,2 x H 7,2 cm.<\/p>\n","protected":false},"featured_media":2127,"comment_status":"open","ping_status":"closed","template":"","meta":[],"product_brand":[],"product_cat":[168,38,41,160],"product_tag":[292,291],"class_list":{"0":"post-2126","1":"product","2":"type-product","3":"status-publish","4":"has-post-thumbnail","6":"product_cat-bahnbestriebswerke-ho","7":"product_cat-unkategorisiert","8":"product_cat-vollmer","9":"product_cat-vollmer-ho","10":"product_tag-kein-spielzeug-nicht-geeignet-fuer-kinder-unter-14-jahren","11":"product_tag-warn-und-sicherheitshinweise-modellbauartikel","13":"first","14":"instock","15":"taxable","16":"shipping-taxable","17":"purchasable","18":"product-type-simple"},"jetpack_sharing_enabled":true,"_links":{"self":[{"href":"https:\/\/www.mg-modelleisenbahnbau.de\/startseite-2\/wp-json\/wp\/v2\/product\/2126","targetHints":{"allow":["GET"]}}],"collection":[{"href":"https:\/\/www.mg-modelleisenbahnbau.de\/startseite-2\/wp-json\/wp\/v2\/product"}],"about":[{"href":"https:\/\/www.mg-modelleisenbahnbau.de\/startseite-2\/wp-json\/wp\/v2\/types\/product"}],"replies":[{"embeddable":true,"href":"https:\/\/www.mg-modelleisenbahnbau.de\/startseite-2\/wp-json\/wp\/v2\/comments?post=2126"}],"wp:featuredmedia":[{"embeddable":true,"href":"https:\/\/www.mg-modelleisenbahnbau.de\/startseite-2\/wp-json\/wp\/v2\/media\/2127"}],"wp:attachment":[{"href":"https:\/\/www.mg-modelleisenbahnbau.de\/startseite-2\/wp-json\/wp\/v2\/media?parent=2126"}],"wp:term":[{"taxonomy":"product_brand","embeddable":true,"href":"https:\/\/www.mg-modelleisenbahnbau.de\/startseite-2\/wp-json\/wp\/v2\/product_brand?post=2126"},{"taxonomy":"product_cat","embeddable":true,"href":"https:\/\/www.mg-modelleisenbahnbau.de\/startseite-2\/wp-json\/wp\/v2\/product_cat?post=2126"},{"taxonomy":"product_tag","embeddable":true,"href":"https:\/\/www.mg-modelleisenbahnbau.de\/startseite-2\/wp-json\/wp\/v2\/product_tag?post=2126"}],"curies":[{"name":"wp","href":"https:\/\/api.w.org\/{rel}","templated":true}]}}