{"id":1778,"date":"2018-11-08T09:41:44","date_gmt":"2018-11-08T08:41:44","guid":{"rendered":"http:\/\/www.mg-modelleisenbahnbau.de\/?post_type=product&#038;p=1778"},"modified":"2025-03-06T18:06:44","modified_gmt":"2025-03-06T17:06:44","slug":"2315-h0-niederbordwagen-mit-antrieb-gelb-funktionsmodell-fuer-zweileitersysteme","status":"publish","type":"product","link":"https:\/\/www.mg-modelleisenbahnbau.de\/startseite-2\/produkt\/2315-h0-niederbordwagen-mit-antrieb-gelb-funktionsmodell-fuer-zweileitersysteme\/","title":{"rendered":"2315 H0 Niederbordwagen mit Antrieb, gelb, Funktionsmodell f\u00fcr Zweileitersysteme"},"content":{"rendered":"<div class=\"content--description\">\n<div class=\"content--title\">Produktinformationen &#8222;H0 Niederbordwagen mit Antrieb, gelb, Funktionsmodell f\u00fcr Zweileitersysteme&#8220;<\/div>\n<div class=\"product--description\">Der selbstfahrende Niederbordwagen ist ideal geeignet, um bei Lokomotiven, die keine Motorisierung besitzen, im Verbund den Antrieb zu ersetzen. Der patentierte Unterflurantrieb, \u00e4hnlich wie beim ROBEL, ist der flachen Bauweise des Niederbordwagens optimal angepasst. Bei Langsamfahrt, im Betrieb mit Sound, digital und analog \u00fcberzeugt dieses Modell den technikbegeisterten Modellbahner. Mit elektrischem Antrieb. Das integrierte Soundmodul gibt die Pfeife und verschiedene betriebsabh\u00e4ngige Ger\u00e4usche wieder. RailCom-f\u00e4higer Digitaldecoder f\u00fcr DCC\/MM und Analogbetrieb (DC\/AC) mit integriertem Stromspeicher. Ein typischer Diesel- oder Dampfloksound ist per CV ausw\u00e4hlbar. An einer Stirnseite befinden sich 2 zweipolige schaltbare Steckbuchsen, an denen z. B. eine Zugschlussbeleuchtung angeschlossen werden kann. Funktionsumfang im Analogbetrieb: Fahrmodus vorw\u00e4rts\/r\u00fcckw\u00e4rts, Sound aktiv (Art und Lautst\u00e4rke einstellbar \u00fcber CV), Licht aktiv. Funktionsumfang im Digitalbetrieb: Fahrmodus vorw\u00e4rts\/r\u00fcckw\u00e4rts, schaltbare Funktionen: Sound (Art %26 Lautst\u00e4rke einstellbar \u00fcber CV), Pfeife, Licht. Kupplungssch\u00e4chte nach NEM 362 beidseitig. Die Zugschlussbeleuchtung ist inklusive. Ma\u00dfe: L\u00fcP 15,9 x B 3,5 x H 2 cm.<\/div>\n<\/div>\n","protected":false},"excerpt":{"rendered":"<p>Produktinformationen &#8222;H0 Niederbordwagen mit Antrieb, gelb, Funktionsmodell f\u00fcr Zweileitersysteme&#8220; Der selbstfahrende Niederbordwagen ist ideal geeignet, um bei Lokomotiven, die keine Motorisierung besitzen, im Verbund den Antrieb zu ersetzen. Der patentierte Unterflurantrieb, \u00e4hnlich wie beim ROBEL, ist der flachen Bauweise des Niederbordwagens optimal angepasst. Bei Langsamfahrt, im Betrieb mit Sound, digital und analog \u00fcberzeugt dieses Modell&#8230;<\/p>\n","protected":false},"featured_media":1779,"comment_status":"open","ping_status":"closed","template":"","meta":[],"product_brand":[],"product_cat":[128,38,37,124],"product_tag":[292,291],"class_list":{"0":"post-1778","1":"product","2":"type-product","3":"status-publish","4":"has-post-thumbnail","6":"product_cat-railmotion-h0","7":"product_cat-unkategorisiert","8":"product_cat-viessmann","9":"product_cat-viessmann-spur-h0","10":"product_tag-kein-spielzeug-nicht-geeignet-fuer-kinder-unter-14-jahren","11":"product_tag-warn-und-sicherheitshinweise-modellbauartikel","13":"first","14":"instock","15":"taxable","16":"shipping-taxable","17":"purchasable","18":"product-type-simple"},"jetpack_sharing_enabled":true,"_links":{"self":[{"href":"https:\/\/www.mg-modelleisenbahnbau.de\/startseite-2\/wp-json\/wp\/v2\/product\/1778","targetHints":{"allow":["GET"]}}],"collection":[{"href":"https:\/\/www.mg-modelleisenbahnbau.de\/startseite-2\/wp-json\/wp\/v2\/product"}],"about":[{"href":"https:\/\/www.mg-modelleisenbahnbau.de\/startseite-2\/wp-json\/wp\/v2\/types\/product"}],"replies":[{"embeddable":true,"href":"https:\/\/www.mg-modelleisenbahnbau.de\/startseite-2\/wp-json\/wp\/v2\/comments?post=1778"}],"wp:featuredmedia":[{"embeddable":true,"href":"https:\/\/www.mg-modelleisenbahnbau.de\/startseite-2\/wp-json\/wp\/v2\/media\/1779"}],"wp:attachment":[{"href":"https:\/\/www.mg-modelleisenbahnbau.de\/startseite-2\/wp-json\/wp\/v2\/media?parent=1778"}],"wp:term":[{"taxonomy":"product_brand","embeddable":true,"href":"https:\/\/www.mg-modelleisenbahnbau.de\/startseite-2\/wp-json\/wp\/v2\/product_brand?post=1778"},{"taxonomy":"product_cat","embeddable":true,"href":"https:\/\/www.mg-modelleisenbahnbau.de\/startseite-2\/wp-json\/wp\/v2\/product_cat?post=1778"},{"taxonomy":"product_tag","embeddable":true,"href":"https:\/\/www.mg-modelleisenbahnbau.de\/startseite-2\/wp-json\/wp\/v2\/product_tag?post=1778"}],"curies":[{"name":"wp","href":"https:\/\/api.w.org\/{rel}","templated":true}]}}