{"id":1718,"date":"2018-10-30T19:44:26","date_gmt":"2018-10-30T18:44:26","guid":{"rendered":"http:\/\/www.mg-modelleisenbahnbau.de\/?post_type=product&#038;p=1718"},"modified":"2018-10-30T19:44:28","modified_gmt":"2018-10-30T18:44:28","slug":"blau-hortensien-15-mm-flocken-magiflor-blueten-34-140-151","status":"publish","type":"product","link":"https:\/\/www.mg-modelleisenbahnbau.de\/startseite-2\/produkt\/blau-hortensien-15-mm-flocken-magiflor-blueten-34-140-151\/","title":{"rendered":"Blau Hortensien 1,5 mm Flocken Magiflor Bl\u00fcten 34 140 151"},"content":{"rendered":"<p>F\u00fcr eine wundersch\u00f6ne Verwirklichung ihrer Dioramas und bepflanzten Modellanlagen, 10 g. der Flocken Magiflor um Blumen und Bl\u00e4tter darzustellen. Magiflor wurde entwickelt um die feine Transparenz der Blumen und Bl\u00fctenst\u00e4nde darzustellen. Magiflor verwendet man mit Magispray in Verbindung f\u00fcr das einfache zusammenf\u00fcgen von Blumen und Blumenstr\u00e4uchern.\u00a0 F\u00fcr die Modellbaufans und Modell Dekor<\/p>\n<p>&nbsp;<\/p>\n<p>Achtung nur 5 Pack vorhanden<\/p>\n","protected":false},"excerpt":{"rendered":"<p>F\u00fcr eine wundersch\u00f6ne Verwirklichung ihrer Dioramas und bepflanzten Modellanlagen, 10 g. der Flocken Magiflor um Blumen und Bl\u00e4tter darzustellen. Magiflor wurde entwickelt um die feine Transparenz der Blumen und Bl\u00fctenst\u00e4nde darzustellen. Magiflor verwendet man mit Magispray in Verbindung f\u00fcr das einfache zusammenf\u00fcgen von Blumen und Blumenstr\u00e4uchern.\u00a0 F\u00fcr die Modellbaufans und Modell Dekor &nbsp; Achtung nur&#8230;<\/p>\n","protected":false},"featured_media":1720,"comment_status":"open","ping_status":"closed","template":"","meta":[],"product_brand":[],"product_cat":[38],"product_tag":[],"class_list":{"0":"post-1718","1":"product","2":"type-product","3":"status-publish","4":"has-post-thumbnail","6":"product_cat-unkategorisiert","8":"first","9":"instock","10":"taxable","11":"shipping-taxable","12":"purchasable","13":"product-type-simple"},"jetpack_sharing_enabled":true,"_links":{"self":[{"href":"https:\/\/www.mg-modelleisenbahnbau.de\/startseite-2\/wp-json\/wp\/v2\/product\/1718","targetHints":{"allow":["GET"]}}],"collection":[{"href":"https:\/\/www.mg-modelleisenbahnbau.de\/startseite-2\/wp-json\/wp\/v2\/product"}],"about":[{"href":"https:\/\/www.mg-modelleisenbahnbau.de\/startseite-2\/wp-json\/wp\/v2\/types\/product"}],"replies":[{"embeddable":true,"href":"https:\/\/www.mg-modelleisenbahnbau.de\/startseite-2\/wp-json\/wp\/v2\/comments?post=1718"}],"wp:featuredmedia":[{"embeddable":true,"href":"https:\/\/www.mg-modelleisenbahnbau.de\/startseite-2\/wp-json\/wp\/v2\/media\/1720"}],"wp:attachment":[{"href":"https:\/\/www.mg-modelleisenbahnbau.de\/startseite-2\/wp-json\/wp\/v2\/media?parent=1718"}],"wp:term":[{"taxonomy":"product_brand","embeddable":true,"href":"https:\/\/www.mg-modelleisenbahnbau.de\/startseite-2\/wp-json\/wp\/v2\/product_brand?post=1718"},{"taxonomy":"product_cat","embeddable":true,"href":"https:\/\/www.mg-modelleisenbahnbau.de\/startseite-2\/wp-json\/wp\/v2\/product_cat?post=1718"},{"taxonomy":"product_tag","embeddable":true,"href":"https:\/\/www.mg-modelleisenbahnbau.de\/startseite-2\/wp-json\/wp\/v2\/product_tag?post=1718"}],"curies":[{"name":"wp","href":"https:\/\/api.w.org\/{rel}","templated":true}]}}