{"id":10675,"date":"2025-08-14T11:04:49","date_gmt":"2025-08-14T09:04:49","guid":{"rendered":"https:\/\/www.mg-modelleisenbahnbau.de\/startseite-2\/?post_type=product&#038;p=10675"},"modified":"2026-01-16T13:23:38","modified_gmt":"2026-01-16T12:23:38","slug":"nr-5-modur-hartschaum-platten-fuer-felsen-und-gelaende-10cm-x-59cm-x-49-cm-achtung-1-b-ware","status":"publish","type":"product","link":"https:\/\/www.mg-modelleisenbahnbau.de\/startseite-2\/produkt\/nr-5-modur-hartschaum-platten-fuer-felsen-und-gelaende-10cm-x-59cm-x-49-cm-achtung-1-b-ware\/","title":{"rendered":"NR.5 Modur-Hartschaum-Platte f\u00fcr Felsen und Gel\u00e4nde 10cm x 59cm x 49 cm Achtung 1 B Ware"},"content":{"rendered":"<p><strong><span style=\"color: #ff0000;\">Achtung 1 B Ware ( Platten mit Abr\u00fcchen an den Kanten und in der Fl\u00e4che )<\/span><\/strong><\/p>\n<p><span style=\"color: #000000;\">Ideal f\u00fcr kreatives Gestalten von Dioramen und Landschaftsmodellen<br \/>\neinzellige Polyurethan-Hartsch\u00e4ume, duroplastisch, f\u00fcr den Modell- und Formenbau- speziell f\u00fcr Erprobungs-, Design- und Architekturmodelle- f\u00fcr<br \/>\nFelsen &#8211; Gel\u00e4nde bauen ,Str\u00f6mungsmodelle im Flugzeug-, Automobil- und Schiffbau<br \/>\nDichte ca. 50 kg\/m\u00b3<br \/>\nAls Spielzeug und f\u00fcr Kinder unter 14 Jahren sind sie nicht geeignet!<br \/>\n<\/span><\/p>\n","protected":false},"excerpt":{"rendered":"<p>Achtung 1 B Ware ( Platten mit Abr\u00fcchen an den Kanten und in der Fl\u00e4che ) Ideal f\u00fcr kreatives Gestalten von Dioramen und Landschaftsmodellen einzellige Polyurethan-Hartsch\u00e4ume, duroplastisch, f\u00fcr den Modell- und Formenbau- speziell f\u00fcr Erprobungs-, Design- und Architekturmodelle- f\u00fcr Felsen &#8211; Gel\u00e4nde bauen ,Str\u00f6mungsmodelle im Flugzeug-, Automobil- und Schiffbau Dichte ca. 50 kg\/m\u00b3 Als Spielzeug&#8230;<\/p>\n","protected":false},"featured_media":10676,"comment_status":"open","ping_status":"closed","template":"","meta":[],"product_brand":[],"product_cat":[55,38],"product_tag":[],"class_list":{"0":"post-10675","1":"product","2":"type-product","3":"status-publish","4":"has-post-thumbnail","6":"product_cat-puren-modur-hartschaumplatten","7":"product_cat-unkategorisiert","9":"first","10":"instock","11":"taxable","12":"shipping-taxable","13":"purchasable","14":"product-type-simple"},"jetpack_sharing_enabled":true,"_links":{"self":[{"href":"https:\/\/www.mg-modelleisenbahnbau.de\/startseite-2\/wp-json\/wp\/v2\/product\/10675","targetHints":{"allow":["GET"]}}],"collection":[{"href":"https:\/\/www.mg-modelleisenbahnbau.de\/startseite-2\/wp-json\/wp\/v2\/product"}],"about":[{"href":"https:\/\/www.mg-modelleisenbahnbau.de\/startseite-2\/wp-json\/wp\/v2\/types\/product"}],"replies":[{"embeddable":true,"href":"https:\/\/www.mg-modelleisenbahnbau.de\/startseite-2\/wp-json\/wp\/v2\/comments?post=10675"}],"wp:featuredmedia":[{"embeddable":true,"href":"https:\/\/www.mg-modelleisenbahnbau.de\/startseite-2\/wp-json\/wp\/v2\/media\/10676"}],"wp:attachment":[{"href":"https:\/\/www.mg-modelleisenbahnbau.de\/startseite-2\/wp-json\/wp\/v2\/media?parent=10675"}],"wp:term":[{"taxonomy":"product_brand","embeddable":true,"href":"https:\/\/www.mg-modelleisenbahnbau.de\/startseite-2\/wp-json\/wp\/v2\/product_brand?post=10675"},{"taxonomy":"product_cat","embeddable":true,"href":"https:\/\/www.mg-modelleisenbahnbau.de\/startseite-2\/wp-json\/wp\/v2\/product_cat?post=10675"},{"taxonomy":"product_tag","embeddable":true,"href":"https:\/\/www.mg-modelleisenbahnbau.de\/startseite-2\/wp-json\/wp\/v2\/product_tag?post=10675"}],"curies":[{"name":"wp","href":"https:\/\/api.w.org\/{rel}","templated":true}]}}