{"id":10625,"date":"2025-06-30T11:19:01","date_gmt":"2025-06-30T09:19:01","guid":{"rendered":"https:\/\/www.mg-modelleisenbahnbau.de\/startseite-2\/?post_type=product&#038;p=10625"},"modified":"2025-06-30T11:39:54","modified_gmt":"2025-06-30T09:39:54","slug":"37157-n-schlosserei","status":"publish","type":"product","link":"https:\/\/www.mg-modelleisenbahnbau.de\/startseite-2\/produkt\/37157-n-schlosserei\/","title":{"rendered":"37157 N Schlosserei"},"content":{"rendered":"<h2 class=\"product-detail-description-title\">Produktinformationen &#8222;N Schlosserei &#8222;<\/h2>\n<div class=\"product-detail-description-text\">Bausatz. Hier wird mit hochwertigen Materialien geschmiedet und geschwei\u00dft. Um ein t\u00e4uschend echtes flackerndes Licht zu erzeugen, empfehlen wir das elektronische Schwei\u00dflicht, Viessmann Art. 5020.<br \/>\nL 10,0 x B 8,7 x H 7,5 cm<br \/>\nSchwierigkeitsgrad: 2 (Fortgeschrittene)<\/div>\n<hr \/>\n<h2 class=\"product-detail-description-title\">Warn- und Sicherheitshinweise<\/h2>\n<p><strong>Modellbauartikel, kein Spielzeug!<\/strong> Nicht geeignet f\u00fcr Kinder unter 14 Jahren!<\/p>\n","protected":false},"excerpt":{"rendered":"<p>Produktinformationen &#8222;N Schlosserei &#8222; Bausatz. Hier wird mit hochwertigen Materialien geschmiedet und geschwei\u00dft. Um ein t\u00e4uschend echtes flackerndes Licht zu erzeugen, empfehlen wir das elektronische Schwei\u00dflicht, Viessmann Art. 5020. L 10,0 x B 8,7 x H 7,5 cm Schwierigkeitsgrad: 2 (Fortgeschrittene) Warn- und Sicherheitshinweise Modellbauartikel, kein Spielzeug! Nicht geeignet f\u00fcr Kinder unter 14 Jahren!<\/p>\n","protected":false},"featured_media":10626,"comment_status":"open","ping_status":"closed","template":"","meta":[],"product_brand":[],"product_cat":[44,228,234,38],"product_tag":[],"class_list":{"0":"post-10625","1":"product","2":"type-product","3":"status-publish","4":"has-post-thumbnail","6":"product_cat-kibri","7":"product_cat-kibri-spur-n","8":"product_cat-stadthaeuser-n","9":"product_cat-unkategorisiert","11":"first","12":"instock","13":"taxable","14":"shipping-taxable","15":"purchasable","16":"product-type-simple"},"jetpack_sharing_enabled":true,"_links":{"self":[{"href":"https:\/\/www.mg-modelleisenbahnbau.de\/startseite-2\/wp-json\/wp\/v2\/product\/10625","targetHints":{"allow":["GET"]}}],"collection":[{"href":"https:\/\/www.mg-modelleisenbahnbau.de\/startseite-2\/wp-json\/wp\/v2\/product"}],"about":[{"href":"https:\/\/www.mg-modelleisenbahnbau.de\/startseite-2\/wp-json\/wp\/v2\/types\/product"}],"replies":[{"embeddable":true,"href":"https:\/\/www.mg-modelleisenbahnbau.de\/startseite-2\/wp-json\/wp\/v2\/comments?post=10625"}],"wp:featuredmedia":[{"embeddable":true,"href":"https:\/\/www.mg-modelleisenbahnbau.de\/startseite-2\/wp-json\/wp\/v2\/media\/10626"}],"wp:attachment":[{"href":"https:\/\/www.mg-modelleisenbahnbau.de\/startseite-2\/wp-json\/wp\/v2\/media?parent=10625"}],"wp:term":[{"taxonomy":"product_brand","embeddable":true,"href":"https:\/\/www.mg-modelleisenbahnbau.de\/startseite-2\/wp-json\/wp\/v2\/product_brand?post=10625"},{"taxonomy":"product_cat","embeddable":true,"href":"https:\/\/www.mg-modelleisenbahnbau.de\/startseite-2\/wp-json\/wp\/v2\/product_cat?post=10625"},{"taxonomy":"product_tag","embeddable":true,"href":"https:\/\/www.mg-modelleisenbahnbau.de\/startseite-2\/wp-json\/wp\/v2\/product_tag?post=10625"}],"curies":[{"name":"wp","href":"https:\/\/api.w.org\/{rel}","templated":true}]}}