{"id":10354,"date":"2025-01-29T10:02:36","date_gmt":"2025-01-29T09:02:36","guid":{"rendered":"https:\/\/www.mg-modelleisenbahnbau.de\/startseite-2\/?post_type=product&#038;p=10354"},"modified":"2025-06-30T09:03:51","modified_gmt":"2025-06-30T07:03:51","slug":"8447-universalelektronik-bus","status":"publish","type":"product","link":"https:\/\/www.mg-modelleisenbahnbau.de\/startseite-2\/produkt\/8447-universalelektronik-bus\/","title":{"rendered":"8447 Universalelektronik Bus"},"content":{"rendered":"<div class=\"offcanvas-body\">\n<div class=\"product-detail-description tab-pane-container\">\n<h2 class=\"product-detail-description-title\">Produktinformationen &#8222;Universalelektronik Bus &#8222;<\/h2>\n<div class=\"product-detail-description-text\">Die Universalelektronik Bus bietet eine kompakte L\u00f6sung f\u00fcr die Nachr\u00fcstung<br \/>\nvon Fahrzeugen mit den bew\u00e4hrten Fahreigenschaften der CarMotion-LKW.<br \/>\nDas schlanke Modul (ca. B 12 x L 26 mm) eignet sich besonders f\u00fcr beengte<br \/>\nEinbausituationen und arbeitet in Verbindung mit dem H0 Getriebe mit Motor<br \/>\nArt. 8426. Die Stromversorgung erfolgt \u00fcber zwei im Set enthaltene 60-mAh-<br \/>\nAkkus. Das Modul ist ausschlie\u00dflich f\u00fcr diesen Motor und Akkus vorgesehen.<br \/>\nEine zus\u00e4tzliche Verteilerplatine (ca. B 20 x L 7 mm) erleichtert den Anschluss<br \/>\nvon LEDs f\u00fcr Beleuchtungsaufgaben und erm\u00f6glicht zus\u00e4tzliche Lichteffekte.<br \/>\nEine Erweiterungsschnittstelle f\u00fcr zus\u00e4tzliche Module ist vorhanden.<br \/>\nIm Set enthalten: Reedkontakt, Hallsensor, Lade- und Programmierbuchse<br \/>\nund 2 Akkus. Die Beleuchtung umfasst LEDs f\u00fcr die Standardbeleuchtung<br \/>\nvon Bussen: Fahrerkabine (1 x wei\u00df), Frontscheinwerfer (2 x wei\u00df), R\u00fccklicht\/<br \/>\nBremslicht (4 x), Fahrtrichtungsanzeiger (8 x gelb), R\u00fcckfahrscheinwerfer (2 x<br \/>\nwei\u00df), 2 IR Sendedioden und 2 IR Empf\u00e4nger.<br \/>\nDie LEDs und Sensoren sind bereits mit Kabeln versehen, um einen einfachen<br \/>\nEinbau zu gew\u00e4hrleisten. Erg\u00e4nzungssets f\u00fcr weitere Lichteffekte sind<br \/>\nebenfalls verf\u00fcgbar.<\/div>\n<hr \/>\n<h2 class=\"product-detail-description-title\">Warn- und Sicherheitshinweise<\/h2>\n<p><strong>Modellbauartikel, kein Spielzeug!<\/strong> Nicht geeignet f\u00fcr Kinder unter 14 Jahren!<\/p>\n<\/div>\n<\/div>\n","protected":false},"excerpt":{"rendered":"<p>Produktinformationen &#8222;Universalelektronik Bus &#8222; Die Universalelektronik Bus bietet eine kompakte L\u00f6sung f\u00fcr die Nachr\u00fcstung von Fahrzeugen mit den bew\u00e4hrten Fahreigenschaften der CarMotion-LKW. Das schlanke Modul (ca. B 12 x L 26 mm) eignet sich besonders f\u00fcr beengte Einbausituationen und arbeitet in Verbindung mit dem H0 Getriebe mit Motor Art. 8426. Die Stromversorgung erfolgt \u00fcber zwei&#8230;<\/p>\n","protected":false},"featured_media":10355,"comment_status":"open","ping_status":"closed","template":"","meta":[],"product_brand":[],"product_cat":[272,38,37],"product_tag":[292,291],"class_list":{"0":"post-10354","1":"product","2":"type-product","3":"status-publish","4":"has-post-thumbnail","6":"product_cat-h0-carmotion","7":"product_cat-unkategorisiert","8":"product_cat-viessmann","9":"product_tag-kein-spielzeug-nicht-geeignet-fuer-kinder-unter-14-jahren","10":"product_tag-warn-und-sicherheitshinweise-modellbauartikel","12":"first","13":"outofstock","14":"taxable","15":"shipping-taxable","16":"purchasable","17":"product-type-simple"},"jetpack_sharing_enabled":true,"_links":{"self":[{"href":"https:\/\/www.mg-modelleisenbahnbau.de\/startseite-2\/wp-json\/wp\/v2\/product\/10354","targetHints":{"allow":["GET"]}}],"collection":[{"href":"https:\/\/www.mg-modelleisenbahnbau.de\/startseite-2\/wp-json\/wp\/v2\/product"}],"about":[{"href":"https:\/\/www.mg-modelleisenbahnbau.de\/startseite-2\/wp-json\/wp\/v2\/types\/product"}],"replies":[{"embeddable":true,"href":"https:\/\/www.mg-modelleisenbahnbau.de\/startseite-2\/wp-json\/wp\/v2\/comments?post=10354"}],"wp:featuredmedia":[{"embeddable":true,"href":"https:\/\/www.mg-modelleisenbahnbau.de\/startseite-2\/wp-json\/wp\/v2\/media\/10355"}],"wp:attachment":[{"href":"https:\/\/www.mg-modelleisenbahnbau.de\/startseite-2\/wp-json\/wp\/v2\/media?parent=10354"}],"wp:term":[{"taxonomy":"product_brand","embeddable":true,"href":"https:\/\/www.mg-modelleisenbahnbau.de\/startseite-2\/wp-json\/wp\/v2\/product_brand?post=10354"},{"taxonomy":"product_cat","embeddable":true,"href":"https:\/\/www.mg-modelleisenbahnbau.de\/startseite-2\/wp-json\/wp\/v2\/product_cat?post=10354"},{"taxonomy":"product_tag","embeddable":true,"href":"https:\/\/www.mg-modelleisenbahnbau.de\/startseite-2\/wp-json\/wp\/v2\/product_tag?post=10354"}],"curies":[{"name":"wp","href":"https:\/\/api.w.org\/{rel}","templated":true}]}}