{"id":10341,"date":"2025-01-28T21:43:03","date_gmt":"2025-01-28T20:43:03","guid":{"rendered":"https:\/\/www.mg-modelleisenbahnbau.de\/startseite-2\/?post_type=product&#038;p=10341"},"modified":"2025-12-01T13:44:40","modified_gmt":"2025-12-01T12:44:40","slug":"8450-h0-nachruest-set-sound-fuer-magirus-eckhauber-rot","status":"publish","type":"product","link":"https:\/\/www.mg-modelleisenbahnbau.de\/startseite-2\/produkt\/8450-h0-nachruest-set-sound-fuer-magirus-eckhauber-rot\/","title":{"rendered":"8450 H0 Nachr\u00fcst-Set Sound f\u00fcr MAGIRUS Eckhauber, rot"},"content":{"rendered":"<div class=\"offcanvas-body\">\n<div class=\"product-detail-description tab-pane-container\">\n<h2 class=\"product-detail-description-title\">Produktinformationen &#8222;H0 Nachr\u00fcst-Set Sound f\u00fcr MAGIRUS Eckhauber, rot &#8222;<\/h2>\n<div class=\"product-detail-description-text\">Bereichern Sie Ihre CarMotion-Anlage mit Sound in den Fahrzeugen. Die nachr\u00fcstbaren Soundmodule sind fahrzeugspezifisch und daher mechanisch, farblich und akustisch auf die jeweiligen Typen angepasst.<br \/>\nSie spielen Motorger\u00e4usche vom Starten und Stoppen des Motors sowie diverse fahrsituative Ger\u00e4usche wie Schaltvorg\u00e4nge, Bremsenquietschen und \u2013 je nach Fahrzeugtyp \u2013 auch R\u00fcckfahrwarnsignal ab. Hupe \u2013 und falls vorhanden \u2013 auch Martinshorn sind schaltbar.<br \/>\nDer Motorsound ist in der Lautst\u00e4rke einstellbar. Die schaltbaren bzw. einstellbaren Sounds lassen sich per Fernbedienung, DCC-Befehl oder per Infrarotbefehl bzw. Magnetfolge bet\u00e4tigen.<br \/>\nDie Platine des Soundmoduls wird einfach mittels eines vierpoligen Steckers mit der Fahrzeugplatine verbunden und verschraubt. Die bisherigen linksseitigen Anbauteile wie Auspuff, Lufttanks usw. werden durch die neuen Anbauteile, die den Lautsprecher enthalten, ersetzt. Bitte beachten Sie, dass Fahrzeuge ohne die vierpolige Erweiterungsbuchse nicht mit einem Soundmodul ausgestattet werden k\u00f6nnen.<br \/>\nLeistung 250 mW, Effizienz 81 dBA, Frequenzbereich ca. 800 \u2013 10 kHz.<br \/>\nPassende Artikel: 8002, 8012, 8018, 8135.<br \/>\nL 18 x B 8,8 x H 11,4 mm<\/div>\n<hr \/>\n<h2 class=\"product-detail-description-title\">Warn- und Sicherheitshinweise<\/h2>\n<p><strong>Modellbauartikel, kein Spielzeug!<\/strong> Nicht geeignet f\u00fcr Kinder unter 14 Jahren!<\/p>\n<\/div>\n<\/div>\n","protected":false},"excerpt":{"rendered":"<p>Produktinformationen &#8222;H0 Nachr\u00fcst-Set Sound f\u00fcr MAGIRUS Eckhauber, rot &#8222; Bereichern Sie Ihre CarMotion-Anlage mit Sound in den Fahrzeugen. Die nachr\u00fcstbaren Soundmodule sind fahrzeugspezifisch und daher mechanisch, farblich und akustisch auf die jeweiligen Typen angepasst. Sie spielen Motorger\u00e4usche vom Starten und Stoppen des Motors sowie diverse fahrsituative Ger\u00e4usche wie Schaltvorg\u00e4nge, Bremsenquietschen und \u2013 je nach Fahrzeugtyp&#8230;<\/p>\n","protected":false},"featured_media":10342,"comment_status":"open","ping_status":"closed","template":"","meta":[],"product_brand":[],"product_cat":[272,38,37],"product_tag":[292,291],"class_list":{"0":"post-10341","1":"product","2":"type-product","3":"status-publish","4":"has-post-thumbnail","6":"product_cat-h0-carmotion","7":"product_cat-unkategorisiert","8":"product_cat-viessmann","9":"product_tag-kein-spielzeug-nicht-geeignet-fuer-kinder-unter-14-jahren","10":"product_tag-warn-und-sicherheitshinweise-modellbauartikel","12":"first","13":"instock","14":"taxable","15":"shipping-taxable","16":"purchasable","17":"product-type-simple"},"jetpack_sharing_enabled":true,"_links":{"self":[{"href":"https:\/\/www.mg-modelleisenbahnbau.de\/startseite-2\/wp-json\/wp\/v2\/product\/10341","targetHints":{"allow":["GET"]}}],"collection":[{"href":"https:\/\/www.mg-modelleisenbahnbau.de\/startseite-2\/wp-json\/wp\/v2\/product"}],"about":[{"href":"https:\/\/www.mg-modelleisenbahnbau.de\/startseite-2\/wp-json\/wp\/v2\/types\/product"}],"replies":[{"embeddable":true,"href":"https:\/\/www.mg-modelleisenbahnbau.de\/startseite-2\/wp-json\/wp\/v2\/comments?post=10341"}],"wp:featuredmedia":[{"embeddable":true,"href":"https:\/\/www.mg-modelleisenbahnbau.de\/startseite-2\/wp-json\/wp\/v2\/media\/10342"}],"wp:attachment":[{"href":"https:\/\/www.mg-modelleisenbahnbau.de\/startseite-2\/wp-json\/wp\/v2\/media?parent=10341"}],"wp:term":[{"taxonomy":"product_brand","embeddable":true,"href":"https:\/\/www.mg-modelleisenbahnbau.de\/startseite-2\/wp-json\/wp\/v2\/product_brand?post=10341"},{"taxonomy":"product_cat","embeddable":true,"href":"https:\/\/www.mg-modelleisenbahnbau.de\/startseite-2\/wp-json\/wp\/v2\/product_cat?post=10341"},{"taxonomy":"product_tag","embeddable":true,"href":"https:\/\/www.mg-modelleisenbahnbau.de\/startseite-2\/wp-json\/wp\/v2\/product_tag?post=10341"}],"curies":[{"name":"wp","href":"https:\/\/api.w.org\/{rel}","templated":true}]}}