{"id":10329,"date":"2025-01-28T21:23:49","date_gmt":"2025-01-28T20:23:49","guid":{"rendered":"https:\/\/www.mg-modelleisenbahnbau.de\/startseite-2\/?post_type=product&#038;p=10329"},"modified":"2025-12-18T12:01:04","modified_gmt":"2025-12-18T11:01:04","slug":"8219-h0-3-achs-kipper-funktionsmodell","status":"publish","type":"product","link":"https:\/\/www.mg-modelleisenbahnbau.de\/startseite-2\/produkt\/8219-h0-3-achs-kipper-funktionsmodell\/","title":{"rendered":"8219 H0 3-achs Kipper, Funktionsmodell"},"content":{"rendered":"<div class=\"header-inner\">\n<div class=\"nav-header \">\n<div class=\"container\">\n<div class=\"header-row row gx-1 align-items-center \">\n<div class=\"header-logo-col col-12 col-md-auto col-lg-3 order-1\">\n<div class=\"header-logo-main\"><a class=\"header-logo-main-link\" title=\"Zur Startseite gehen\" href=\"https:\/\/viessmann-modell.com\/\">\u00a0 <\/a><\/div>\n<\/div>\n<div class=\"header-search-col col-12 col-sm-auto col-lg-6 order-4 order-sm-2 ms-auto ms-lg-0 me-lg-0\">\n<div id=\"searchCollapse\" class=\"collapse\">\n<div class=\"header-search\">\n<form class=\"header-search-form\" action=\"\/search\" method=\"get\" data-search-widget=\"true\" data-search-widget-options=\"{&quot;searchWidgetMinChars&quot;:2}\" data-url=\"\/suggest?search=\">\n<div class=\"input-group has-validation\"><input class=\"form-control header-search-input\" autocomplete=\"off\" name=\"search\" type=\"search\" value=\"\" placeholder=\"Suchbegriff eingeben ...\" aria-label=\"Suchbegriff eingeben ...\" \/><\/div>\n<\/form>\n<\/div>\n<\/div>\n<\/div>\n<\/div>\n<\/div>\n<\/div>\n<\/div>\n<p><main id=\"content-main\" class=\"content-main\"><\/p>\n<div class=\"container-main\">\n<nav aria-label=\"breadcrumb\">\n<div class=\"breadcrumb-container\">\n<div class=\"container\">\n<div class=\"breadcrumb-wrap base-breadcrumb justify-content-start\"><\/div>\n<\/div>\n<\/div>\n<\/nav>\n<\/div>\n<p><\/main><\/p>\n<div class=\"cms-block  pos-2 cms-block-product-description-reviews\">\n<div class=\"cms-block-container\">\n<div class=\"cms-block-container-row row cms-row \">\n<div class=\"col-12\" data-cms-element-id=\"018ea2f7b0417107beea3a9d027abcfb\">\n<div class=\"product-detail-tabs cms-element-product-description-reviews\">\n<div class=\"card card-tabs \">\n<div class=\"product-detail-tabs-content card-body\">\n<div class=\"tab-content\">\n<div id=\"description-tab-79187e9d5606473895ed530e93b13348-pane\" class=\"tab-pane fade show active\" role=\"tabpanel\" aria-labelledby=\"description-tab-79187e9d5606473895ed530e93b13348\">\n<div class=\"offcanvas-body\">\n<div class=\"product-detail-description tab-pane-container\">\n<h2 class=\"product-detail-description-title\">Produktinformationen &#8222;H0 3-achs Kipper, Funktionsmodell &#8222;<\/h2>\n<div class=\"product-detail-description-text\">Der Anh\u00e4nger mit r\u00fcckw\u00e4rtiger Beleuchtung verf\u00fcgt \u00fcber eine 5-polige Steckkupplung, um eine Verbindung zum jeweiligen Fahrzeug herzustellen. Durch den Anschluss an die Zugmaschine werden folgende Funktionen \u00fcbertragen:<br \/>\n\u2022 Infrarot-Sender f\u00fcr Abstandssteuerung<br \/>\n\u2022 Bremslichter und R\u00fcckfahrscheinwerfer<br \/>\n\u2022 Blinker rechts\/links und Warnblinker steuerbar<br \/>\nL 9,3 x B 2,8 x H 4,2 cm<\/div>\n<hr \/>\n<h2 class=\"product-detail-description-title\">Warn- und Sicherheitshinweise<\/h2>\n<p><strong>Modellbauartikel, kein Spielzeug!<\/strong> Nicht geeignet f\u00fcr Kinder unter 14 Jahren!<\/p>\n<\/div>\n<\/div>\n<\/div>\n<\/div>\n<\/div>\n<\/div>\n<\/div>\n<\/div>\n<\/div>\n<\/div>\n<\/div>\n","protected":false},"excerpt":{"rendered":"<p>\u00a0 Produktinformationen &#8222;H0 3-achs Kipper, Funktionsmodell &#8222; Der Anh\u00e4nger mit r\u00fcckw\u00e4rtiger Beleuchtung verf\u00fcgt \u00fcber eine 5-polige Steckkupplung, um eine Verbindung zum jeweiligen Fahrzeug herzustellen. Durch den Anschluss an die Zugmaschine werden folgende Funktionen \u00fcbertragen: \u2022 Infrarot-Sender f\u00fcr Abstandssteuerung \u2022 Bremslichter und R\u00fcckfahrscheinwerfer \u2022 Blinker rechts\/links und Warnblinker steuerbar L 9,3 x B 2,8 x H&#8230;<\/p>\n","protected":false},"featured_media":10330,"comment_status":"open","ping_status":"closed","template":"","meta":[],"product_brand":[],"product_cat":[272,38,37],"product_tag":[292,291],"class_list":{"0":"post-10329","1":"product","2":"type-product","3":"status-publish","4":"has-post-thumbnail","6":"product_cat-h0-carmotion","7":"product_cat-unkategorisiert","8":"product_cat-viessmann","9":"product_tag-kein-spielzeug-nicht-geeignet-fuer-kinder-unter-14-jahren","10":"product_tag-warn-und-sicherheitshinweise-modellbauartikel","12":"first","13":"instock","14":"taxable","15":"shipping-taxable","16":"purchasable","17":"product-type-simple"},"jetpack_sharing_enabled":true,"_links":{"self":[{"href":"https:\/\/www.mg-modelleisenbahnbau.de\/startseite-2\/wp-json\/wp\/v2\/product\/10329","targetHints":{"allow":["GET"]}}],"collection":[{"href":"https:\/\/www.mg-modelleisenbahnbau.de\/startseite-2\/wp-json\/wp\/v2\/product"}],"about":[{"href":"https:\/\/www.mg-modelleisenbahnbau.de\/startseite-2\/wp-json\/wp\/v2\/types\/product"}],"replies":[{"embeddable":true,"href":"https:\/\/www.mg-modelleisenbahnbau.de\/startseite-2\/wp-json\/wp\/v2\/comments?post=10329"}],"wp:featuredmedia":[{"embeddable":true,"href":"https:\/\/www.mg-modelleisenbahnbau.de\/startseite-2\/wp-json\/wp\/v2\/media\/10330"}],"wp:attachment":[{"href":"https:\/\/www.mg-modelleisenbahnbau.de\/startseite-2\/wp-json\/wp\/v2\/media?parent=10329"}],"wp:term":[{"taxonomy":"product_brand","embeddable":true,"href":"https:\/\/www.mg-modelleisenbahnbau.de\/startseite-2\/wp-json\/wp\/v2\/product_brand?post=10329"},{"taxonomy":"product_cat","embeddable":true,"href":"https:\/\/www.mg-modelleisenbahnbau.de\/startseite-2\/wp-json\/wp\/v2\/product_cat?post=10329"},{"taxonomy":"product_tag","embeddable":true,"href":"https:\/\/www.mg-modelleisenbahnbau.de\/startseite-2\/wp-json\/wp\/v2\/product_tag?post=10329"}],"curies":[{"name":"wp","href":"https:\/\/api.w.org\/{rel}","templated":true}]}}