{"id":10006,"date":"2024-07-26T13:34:52","date_gmt":"2024-07-26T11:34:52","guid":{"rendered":"https:\/\/www.mg-modelleisenbahnbau.de\/startseite-2\/?post_type=product&#038;p=10006"},"modified":"2025-07-01T10:31:31","modified_gmt":"2025-07-01T08:31:31","slug":"47689-n-weinkellerei","status":"publish","type":"product","link":"https:\/\/www.mg-modelleisenbahnbau.de\/startseite-2\/produkt\/47689-n-weinkellerei\/","title":{"rendered":"47689 N Weinkellerei"},"content":{"rendered":"<div class=\"col-12 col-md-7\">\n<div class=\"offcanvas-body\">\n<div class=\"product-detail-description tab-pane-container\">\n<div class=\"h3 product-detail-description-title\">Produktinformationen &#8222;N Weinkellerei &#8222;<\/div>\n<div class=\"product-detail-description-text\">Dieser romantischen Kellerei liegen viele Ausschm\u00fcckungsgegenst\u00e4nde bei, z. B. Weinf\u00e4sser und Terrassenm\u00f6bel f\u00fcr die gro\u00dfe Sonnenterrasse. Ma\u00dfe: L 16 x B 11 x H 11 cm.<\/div>\n<\/div>\n<\/div>\n<\/div>\n<div class=\"col-12 col-md-5\"><\/div>\n","protected":false},"excerpt":{"rendered":"<p>Produktinformationen &#8222;N Weinkellerei &#8222; Dieser romantischen Kellerei liegen viele Ausschm\u00fcckungsgegenst\u00e4nde bei, z. B. Weinf\u00e4sser und Terrassenm\u00f6bel f\u00fcr die gro\u00dfe Sonnenterrasse. Ma\u00dfe: L 16 x B 11 x H 11 cm.<\/p>\n","protected":false},"featured_media":10007,"comment_status":"open","ping_status":"closed","template":"","meta":[],"product_brand":[],"product_cat":[198,38,41,187],"product_tag":[292,291],"class_list":{"0":"post-10006","1":"product","2":"type-product","3":"status-publish","4":"has-post-thumbnail","6":"product_cat-stadt-dorfhaeuser-n","7":"product_cat-unkategorisiert","8":"product_cat-vollmer","9":"product_cat-vollmer-spur-n","10":"product_tag-kein-spielzeug-nicht-geeignet-fuer-kinder-unter-14-jahren","11":"product_tag-warn-und-sicherheitshinweise-modellbauartikel","13":"first","14":"instock","15":"taxable","16":"shipping-taxable","17":"purchasable","18":"product-type-simple"},"jetpack_sharing_enabled":true,"_links":{"self":[{"href":"https:\/\/www.mg-modelleisenbahnbau.de\/startseite-2\/wp-json\/wp\/v2\/product\/10006","targetHints":{"allow":["GET"]}}],"collection":[{"href":"https:\/\/www.mg-modelleisenbahnbau.de\/startseite-2\/wp-json\/wp\/v2\/product"}],"about":[{"href":"https:\/\/www.mg-modelleisenbahnbau.de\/startseite-2\/wp-json\/wp\/v2\/types\/product"}],"replies":[{"embeddable":true,"href":"https:\/\/www.mg-modelleisenbahnbau.de\/startseite-2\/wp-json\/wp\/v2\/comments?post=10006"}],"wp:featuredmedia":[{"embeddable":true,"href":"https:\/\/www.mg-modelleisenbahnbau.de\/startseite-2\/wp-json\/wp\/v2\/media\/10007"}],"wp:attachment":[{"href":"https:\/\/www.mg-modelleisenbahnbau.de\/startseite-2\/wp-json\/wp\/v2\/media?parent=10006"}],"wp:term":[{"taxonomy":"product_brand","embeddable":true,"href":"https:\/\/www.mg-modelleisenbahnbau.de\/startseite-2\/wp-json\/wp\/v2\/product_brand?post=10006"},{"taxonomy":"product_cat","embeddable":true,"href":"https:\/\/www.mg-modelleisenbahnbau.de\/startseite-2\/wp-json\/wp\/v2\/product_cat?post=10006"},{"taxonomy":"product_tag","embeddable":true,"href":"https:\/\/www.mg-modelleisenbahnbau.de\/startseite-2\/wp-json\/wp\/v2\/product_tag?post=10006"}],"curies":[{"name":"wp","href":"https:\/\/api.w.org\/{rel}","templated":true}]}}